012123
In base 14, what is -438d - -12?
-437b
In base 16, what is e18 + 4f?
e67
In base 15, what is -2 + 83ac?
83aa
In base 8, what is 0 + -20776?
-20776
In base 5, what is -1411 + -3404?
-10320
In base 4, what is -13 + 203?
130
In base 7, what is 421310 + 35?
421345
In base 5, what is 1020 + 1043?
2113
In base 2, what is -100011011100000 + 100?
-100011011011100
In base 9, what is -257 - -5274?
5016
In base 2, what is 11000 - -11110101100?
11111000100
In base 7, what is -25 - 141663?
-142021
In base 11, what is 0 - 10233?
-10233
In base 3, what is 10100210202 - 100?
10100210102
In base 2, what is -110011000101111 + -101?
-110011000110100
In base 8, what is -125 - 121?
-246
In base 16, what is -d48 + 11?
-d37
In base 11, what is 3386 - -66?
3441
In base 14, what is 1 + -7d70c?
-7d70b
In base 4, what is -10 + 30010033?
30010023
In base 4, what is -13223203320 - -3?
-13223203311
In base 10, what is 25 - -7975?
8000
In base 5, what is 2430 - 111?
2314
In base 3, what is 11 - -220110022?
220110110
In base 9, what is -125 + 153?
27
In base 6, what is -5120 + -1432?
-10552
In base 2, what is -11 + 1010011110001010?
1010011110000111
In base 3, what is -1 + 1022021121?
1022021120
In base 10, what is -2 - -54437?
54435
In base 6, what is 12 + -3153?
-3141
In base 3, what is 2110110111 + -100?
2110110011
In base 2, what is 1101010011 - -101000010?
10010010101
In base 13, what is 6b6 + 75?
75b
In base 3, what is 102112022 + 2?
102112101
In base 2, what is 1110100 - 111110010000?
-111100011100
In base 10, what is -8 + 13328?
13320
In base 5, what is -201131 + -1420?
-203101
In base 7, what is 2 + 321142?
321144
In base 4, what is 110 - -220001010?
220001120
In base 9, what is 46 + -1262?
-1215
In base 5, what is -134101 + -20?
-134121
In base 16, what is 4 - -1c4?
1c8
In base 7, what is -11 - -11001?
10660
In base 4, what is 11232002 + 10?
11232012
In base 7, what is -5 + 44526?
44521
In base 2, what is 10100101101110 - -1000?
10100101110110
In base 10, what is -198933 + -4?
-198937
In base 3, what is 10121 - 22110?
-11212
In base 11, what is 4 - -16589?
16592
In base 3, what is 0 - -11020121?
11020121
In base 8, what is -5 + 62676?
62671
In base 10, what is -3481 + 0?
-3481
In base 11, what is -3 + 19639?
19636
In base 4, what is 103022 + 112?
103200
In base 9, what is -46 + -22418?
-22465
In base 14, what is 4d - -3721?
3770
In base 14, what is -197512 + -5?
-197517
In base 7, what is -22226 - -54?
-22142
In base 3, what is 122222 - 2002111?
-1102112
In base 2, what is 11 + 1001101111001?
1001101111100
In base 16, what is 2e + -2af8?
-2aca
In base 7, what is 22035220 + -3?
22035214
In base 3, what is -1012112121 - 0?
-1012112121
In base 13, what is -4c14 + -6c?
-4c83
In base 5, what is 12210 - -324?
13034
In base 9, what is -8 - -428?
420
In base 9, what is 14870 + -11?
14858
In base 10, what is 222921 + -3?
222918
In base 2, what is 0 - 11110010010010?
-11110010010010
In base 6, what is 10 - 30502?
-30452
In base 12, what is 33787 - -9?
33794
In base 7, what is 233450 - 32?
233415
In base 15, what is 10b2 + 331?
13e3
In base 6, what is 431 - 225?
202
In base 4, what is 10 - -20123302?
20123312
In base 4, what is 1130 - 103001?
-101211
In base 14, what is c8 - 151?
-67
In base 6, what is 144244 + -3?
144241
In base 5, what is -13144340 - -122?
-13144213
In base 11, what is 3 + 45372?
45375
In base 5, what is -14 + -13222432?
-13223001
In base 11, what is 2 - -21876?
21878
In base 16, what is -2111 + 24?
-20ed
In base 8, what is -1417614 + -7?
-1417623
In base 10, what is 0 - -9908?
9908
In base 2, what is 1100000001101111 - -10?
1100000001110001
In base 16, what is -572c + -1d?
-5749
In base 7, what is -16602 - 4?
-16606
In base 15, what is -a96 - -2a?
-a6b
In base 5, what is -14140432 + 1?
-14140431
In base 16, what is -142 - 108?
-24a
In base 5, what is 11 - 10033122?
-10033111
In base 5, what is -4403 + -41?
-4444
In base 5, what is -30111 + -13?
-30124
In base 8, what is -1400 + -6?
-1406
In base 8, what is 3 + 1501670?
1501673
In base 4, what is -1 - -32312021?
32312020
In base 11, what is -55a - -31?
-529
In base 11, what is 5 + 16559?
16563
In base 4, what is -10 - -1223030?
1223020
In base 11, what is -23 - -835?
812
In base 3, what is 10002 - 22201200?
-22121121
In base 14, what is -b04 - 36d?
-1073
In base 13, what is 6 - -10b47?
10b50
In base 6, what is -15025353 - 5?
-15025402
In base 9, what is 8228 - -332?
8561
In base 11, what is 326712 + 0?
326712
In base 8, what is 2 - -27741?
27743
In base 8, what is 724 + 51?
775
In base 13, what is -59ab29 - 2?
-59ab2b
In base 10, what is -1 - -464615?
464614
In base 10, what is -172 + 6233?
6061
In base 6, what is 135550 + -11?
135535
In base 15, what is 23b02 - -5?
23b07
In base 10, what is -2083 - -269?
-1814
In base 9, what is 166 + -1287?
-1121
In base 3, what is -1110111 + -111?
-1110222
In base 14, what is -a0bb - 4?
-a0c1
In base 12, what is 6 + 157a?
1584
In base 9, what is 804723 - 3?
804720
In base 14, what is -36669 + -13?
-3667c
In base 5, what is 132443 - -22?
133020
In base 5, what is 4 - -41442413?
41442422
In base 15, what is 3 - 4b0b4?
-4b0b1
In base 12, what is -1534 + -12?
-1546
In base 7, what is -1153125 - -6?
-1153116
In base 11, what is 60578 + 3?
60580
In base 15, what is 3b7 + 1e?
3d6
In base 6, what is -1 + 11042454?
11042453
In base 14, what is -d9 - -987?
88c
In base 12, what is -27 + -7a6?
-811
In base 9, what is -24 - -40182?
40157
In base 5, what is -1031 - 101?
-1132
In base 9, what is -5 + 18365?
18360
In base 16, what is 30 - -2be?
2ee
In base 15, what is 0 - -4756?
4756
In base 2, what is -100 + 10001111010001?
10001111001101
In base 13, what is -2 + 1b23?
1b21
In base 2, what is 1010 + 1111101001011100?
1111101001100110
In base 11, what is -104430 - -5?
-104426
In base 5, what is -2 + 13204?
13202
In base 15, what is -2 + 90d9?
90d7
In base 12, what is -b - -15141?
15132
In base 13, what is 447 + -25?
422
In base 14, what is -860 - -c0?
-780
In base 15, what is 5 - 66c0?
-66ba
In base 10, what is 193 - -2?
195
In base 10, what is 7 - 123?
-116
In base 16, what is 2f175 + -3?
2f172
In base 9, what is -20 - -1566?
1546
In base 12, what is 2849 - 509?
2340
In base 13, what is -1361 + 64?
-12ca
In base 14, what is 31 - -295?
2c6
In base 9, what is 410531 - -5?
410536
In base 12, what is -99 + 1b40?
1a63
In base 13, what is 7 + -15423?
-15419
In base 9, what is 2 + 306715?
306717
In base 4, what is 11210 + 22?
11232
In base 15, what is 5a41d + -a?
5a413
In base 11, what is 11a5 + 29?
1223
In base 16, what is 12b4 - 4?
12b0
In base 8, what is -41 - 110561?
-110622
In base 14, what is -3 - -1569?
1566
In base 16, what is 1c - -143d?
1459
In base 4, what is -12212 + -113?
-12331
In base 9, what is 7 - -1405812?
1405820
In base 2, what is -10100110000111000 - -10110?
-10100110000100010
In base 14, what is 363d6 + -8?
363cc
In base 7, what is 235616 - -14?
235633
In base 15, what is -221998 - -5?
-221993
In base 9, what is -53811 - -11?
-53800
In base 4, what is -3002122302 - 2?
-3002122310
In base 15, what is -a78 - 26a?
-ce3
In base 14, what is -3 - -245984?
245981
In base 16, what is -15 - abd?
-ad2
In base 8, what is 3 - -657651?
657654
In base 13, what is 1191 + -12?
117c
In base 16, what is -11 + 303?
2f2
In base 4, what is 13303 + -301?
13002
In base 16, what is fc8 - -50?
1018
In base 8, what is 4 + -1016542?
-1016536
In base 10, what is -2031 + 67?
-1964
In base 14, what is 4 + a1aa?
a1b0
In base 15, what is 1c - 658?
-63b
In base 14, what is -14 - -3461?
344b
In base 8, what is 203423 + -2?
203421
In base 14, what is b6b88 + 3?
b6b8b
In base 8, what is 77133 - -7?
77142
In base 2, what is 10110000 + 100100?
11010100
In base 10, what is 2 - -754970?
754972
In base 13, what is 0 - -263aa9?
263aa9
In base 3, what is 2220 + 2211?
12201
In base 16, what is -1b - -11f1c?
11f01
In base 4, what is -223 - 220031?
-220320
In base 8, what is -31070271 - 5?
-31070276
In base 9, what is 14712 + -62?
14640
In base 7, what is 0 - 21046?
-21046
In base 7, what is 1 + -165131?
-165130
In base 14, what is -c1c - 440?
-125c
In base 16, what is -3 - -d9d9?
d9d6
In base 5, what is 33004 - 142?
32312
In base 16, what is 11f0a + -4?
11f06
In base 16, what is 2 + -3841?
-383f
In base